 + 22 = 64. Let z be ((-22)/3)/((-14)/w). Suppose -n + 10 = 3*o, 5*o - n = z + 3. List the prime factors of o.
3
Suppose 8 = -2*u + 4*x, -7*u + 2*u = x - 2. Let r = u - -2. Suppose -4*s = q - 26, r*q + 7*s - 2*s = 40. List the prime factors of q.
2, 5
Suppose -15*o + 252 = -273. List the prime factors of o.
5, 7
Let b = -14 - -13. Let x = b - -3. What are the prime factors of 2 + 27 + x/(-1)?
3
Let p be 0 + 0 - (2 - (2 + 0)). Suppose -38 = -p*y - 2*y. What are the prime factors of y?
19
Let p(k) = 318*k**3 - 3*k**2 + 4*k - 2. List the prime factors of p(1).
317
Let d = 21 + -13. What are the prime factors of (1 - 3)*(-220)/d?
5, 11
Let o = -76 + 76. Let a(i) = -2*i - 5. Let p be a(-6). Let u = o + p. List the prime factors of u.
7
Let z(w) = -4*w**3 + 4*w**2 + 4*w + 4. Let c be z(4). What are the prime factors of c*(-1)/(-12)*-3?
43
Let j = -46 + 95. Let s = 132 - j. What are the prime factors of s?
83
Suppose -u = -2*z - 333, -74*z + 1358 = 4*u - 69*z. List the prime factors of u.
337
Let k be 131 + 1 + (1 - 1). Suppose 5*l + 671 - 211 = 0. Let x = l + k. List the prime factors of x.
2, 5
Suppose 0 = f + r - 76, -7*r + 4*r + 15 = 0. What are the prime factors of f?
71
Suppose 0 = -0*g - 5*g. Suppose 0 = -n + 2. Suppose g = -n*b + 43 - 5. List the prime factors of b.
19
Let f(a) = -a**3 + 8*a**2 + 8*a + 11. Let r be f(9). Suppose -5*u + r = -3. List the prime factors of 4*(u - (-1 - 2)).
2
Suppose -r = 5*j - 87, -3*r = 3*j - 215 - 94. Suppose 2*q - 3*q + r = f, 307 = 3*f - 4*q. What are the prime factors of f?
3, 5, 7
Suppose -158*s = -169*s + 2860. List the prime factors of s.
2, 5, 13
Let p(v) = 3*v - 27. Let g be p(11). Let k(l) = 6*l + 5. What are the prime factors of k(g)?
41
Suppose 3*r = z + 5*r, 3*z - 1 = -5*r. Suppose 0 = 3*f - 8 + z. Suppose 83 = f*k + v, 4*k = v + 92 + 71. What are the prime factors of k?
41
Suppose -4*m - g + 2*g = -2793, -2*m = -2*g - 1392. List the prime factors of m.
3, 233
Suppose -12*x + 5 = -19. Suppose -495 + 75 = -x*q. What are the prime factors of q?
2, 3, 5, 7
List the prime factors of (759/(-92))/((-6)/272).
2, 11, 17
What are the prime factors of (-39)/65*26420/(-6)?
2, 1321
Let j(w) = -w**3 - 4 - 3*w**2 + 17*w - 29*w + 14*w. Let l be j(-4). Suppose l*f + n - 48 = 0, -4*f - 2*n = -3*f - 19. List the prime factors of f.
11
Let u = -545 - -866. What are the prime factors of u?
3, 107
Let u(p) = 20*p - 1. Let b = -13 + 16. What are the prime factors of u(b)?
59
Suppose 10*w = 8*w + 172. List the prime factors of w.
2, 43
Let o(c) = -95*c - 31. List the prime factors of o(-4).
349
Let y(x) = x**3 - 2*x**2 - 6*x - 11. List the prime factors of y(7).
2, 3
Let n = 142 - 37. What are the prime factors of n?
3, 5, 7
Let y(f) = f**3 + 11*f**2 - 14*f - 5. Let r(w) = 3*w**3 + 23*w**2 - 29*w - 9. Let o(z) = -2*r(z) + 5*y(z). What are the prime factors of o(6)?
29
Suppose w + 0*w - 5*i = -21, 2*w + 26 = 2*i. Let f = w - -13. Suppose -3*s + 2*s + p = -14, 3*p = -s - f. What are the prime factors of s?
2, 5
Suppose -12 = -8*c - 20. Let h(k) = -47*k - 4. What are the prime factors of h(c)?
43
Suppose 1 = -3*m - 2*i, 0 = -m - m - 5*i - 19. Suppose -5*r - 4*o = -m*o + 409, 3*r = -3*o - 255. List the prime factors of 4/((-60)/r)*5.
3
Let i = 275 + 480. List the prime factors of i.
5, 151
Suppose 0 = -q + 407 + 469. What are the prime factors of q?
2, 3, 73
Suppose 2*c = -3*k - 1, 5*k + 2*c = -0*k + 5. Suppose -k*v + 6*v - 60 = 0. Suppose 0 = 2*s - v - 34. What are the prime factors of s?
3
Let t = 72 + -128. Let f = t - -62. List the prime factors of f.
2, 3
Suppose -7*h + 19 = -9. Suppose 5*m = -5*f + 150, 0 = f - h*m - 29 - 16. List the prime factors of f.
3, 11
List the prime factors of (-2 - (0 - 0)) + (-5313)/(-7).
757
Suppose -36290 = -718*o + 708*o. What are the prime factors of o?
19, 191
Let k = 85 - 81. Suppose 4*w = 0, 0 = 3*u - 6*u + k*w + 216. What are the prime factors of u?
2, 3
Let f be 393/5 - 4/(-10). Let r = 118 - f. List the prime factors of r.
3, 13
Suppose -2219 = -3*y - 2*q, -736 = -y + 6*q - 3*q. What are the prime factors of y?
739
Let o(q) be the third derivative of q**6/120 - q**5/60 - 5*q**3/6 - 12*q**2. List the prime factors of o(4).
43
Suppose 268 - 14 = -2*c. Let p = c - -201. What are the prime factors of p?
2, 37
Suppose 3*z + 3*p - 2*p - 1967 = 0, -4*z = 2*p - 2620. What are the prime factors of z?
3, 73
Let r(h) = -11*h**3 - h**2 + 2. Let s be r(-1). Suppose -s*o + 9*o = -327. List the prime factors of o.
109
Let k(f) = -f**3 + 15*f**2 - 12*f - 15. Let r be k(13). Suppose -2*j = -5*c - 681, 3*j - c = r + 822. What are the prime factors of j?
2, 41
Suppose 5*v = 13260 - 4380. List the prime factors of v.
2, 3, 37
Let d(q) = -30*q**3 - 19*q**2 - q + 2. What are the prime factors of d(-4)?
2, 811
List the prime factors of (60/(-96)*2)/((-3)/5160).
2, 5, 43
Let k = 46 - 19. Suppose 2*g - 15 = k. Suppose -3*c + 119 - 25 = 4*q, -q = 2*c - g. What are the prime factors of q?
5
Let i be ((-2)/3)/((-14)/231). Suppose 16*m - 430 = i*m. List the prime factors of m.
2, 43
Let x(v) = -2*v**3 - 4*v**2 + 4*v - 3. Let a be x(-5). Suppose 2*f - a - 41 = 0. What are the prime factors of f?
2, 3, 7
Suppose -5*d + 901 = x, 5*d + 871 = -22*x + 23*x. What are the prime factors of x?
2, 443
Let v be (-80)/(0 + (-2 - -1)). Suppose 3*s + v = -106. Let y = -44 - s. What are the prime factors of y?
2, 3
Suppose -6*l + 67 - 97 = 0. Let x(z) be the third derivative of z**5/30 + z**4/3 + z**3 - z**2. List the prime factors of x(l).
2
Let k be 1/((-2199)/(-549) - 4). Suppose -5*t + 387 = -k. List the prime factors of t.
2, 3, 19
What are the prime factors of (-1006)/(-4)*(13 + -7)?
3, 503
Suppose -5*h = o + o - 171, 3*h - 84 = 5*o. Let i = h - -23. Suppose i = -0*w + 4*w. List the prime factors of w.
2, 7
What are the prime factors of ((-10242)/27)/((-2)/3)?
569
Let a(v) = -96*v - 155. What are the prime factors of a(-12)?
997
Let y(s) = -s**3 + 2*s**3 - 32*s + 22*s - 14*s**2 + 19. List the prime factors of y(15).
2, 47
Let u be 22/(-33) + 2796/9. Let o = -56 + u. List the prime factors of o.
2, 127
List the prime factors of 14/35 + 0 + (-3232)/(-20).
2, 3
Let w = -98 + 108. Suppose j + 11 = 2*x, 9 = -4*j - 3. What are the prime factors of w + -1 + (x - 4)?
3
Let f be 6/2*2/6*0. What are the prime factors of f - 1606/(-14) - 14/(-49)?
5, 23
Let t(x) be the third derivative of -x**5/60 + 11*x**4/24 + 11*x**3/6 + x**2. Let h be t(12). What are the prime factors of (1 - 0) + (-2)/h?
3
Let q be (-2)/(175/(-55) - -3). Suppose -4*b - q + 3 = 0, 2*t = -2*b + 48. List the prime factors of t.
2, 13
Let y(p) = p**2 + 38*p - 37. List the prime factors of y(-39).
2
Suppose -4*c - 35 = -3*f - 6, 0 = f - 5*c - 28. Suppose -f*v = -v. Suppose 18 = 3*k + 4*h - 7, v = 2*k - 2*h + 2. What are the prime factors of k?
3
Suppose 0 = 8*f - 3*f - 105. Let o = 24 - f. Suppose 31 = h + 4*v, -h = -o*h + 5*v + 49. What are the prime factors of h?
3
Let c be (-26)/(-12) - 6/36. Let m(d) = d + 0*d + 6*d**c - 3*d + 0*d**2. What are the prime factors of m(2)?
2, 5
Let q = -48 - -208. Let k = q + -75. What are the prime factors of k?
5, 17
Suppose -146 - 228 = -v. List the prime factors of v.
2, 11, 17
Let d be 6/(-27) - 94/(-18). Suppose 111 = d*r + 26. Suppose 3*w - 5*i - 106 = 0, -i + 175 - r = 5*w. What are the prime factors of w?
2
Suppose -4*j - 12 = -88. Suppose -5*f + 35 = -r, -3*r + 2*f + 31 = 84. Let y = r + j. What are the prime factors of y?
2
Let n = -18 - -16. List the prime factors of -1 + (n - -4) + 98.
3, 11
Let a(r) = -5*r**3 + 5*r**2 + 4*r - 2. List the prime factors of a(-4).
2, 191
Let g(q) = -19*q + 13. Let m be 3/((3 + 0)/(-3)) + 0. List the prime factors of g(m).
2, 5, 7
Suppose 0 = -2*i - 7*i + 1899. What are the prime factors of i?
211
Suppose 0 = -3*n - 2*n + 355. Suppose 2*g = -5*l - 3*g + 330, l + 2*g - n = 0. List the prime factors of l.
61
What are the prime factors of (28 - 21)/(391/(-196) - -2)?
2, 7
Suppose 0 = 3*i + 5*l - 19, -4*i - 4*l = -5*i - 5. Suppose -94 = -i*x + 257. What are the prime factors of x?
3, 13
Let c = 845 + -447. What are the prime factors of c?
2, 199
Suppose -3*y + z = 4*z - 1065, -4*y + 1402 = -5*z. Suppose y = 4*v - 4*r + r, 2*v - 3*r = 181. List the prime factors of v.
2, 43
Suppose -3*n